 factors of n/(-195) - (2034/(-10) + 1).
2, 101
Suppose -2*s - 5 = -13. Let c = s + 197. List the prime factors of c.
3, 67
Let h = 855 + 678. List the prime factors of h.
3, 7, 73
Let t = -190 - -704. List the prime factors of t.
2, 257
Let f = 544 - 303. List the prime factors of f.
241
Suppose x + 42 = -3*n + 8, 2*x = -4*n - 48. Let h(d) = d**3 + 11*d**2 + 2*d + 20. List the prime factors of h(n).
2, 5
Suppose 2*y - 708 = -y. Suppose -4*r - 5*w + 318 = 0, 0 = 2*r + r + 5*w - y. List the prime factors of r.
2, 41
List the prime factors of (9/(-18))/((-1351)/(-676) + -2).
2, 13
Let v be 9/6 - (-65)/10. Suppose -v*o + 653 = -411. What are the prime factors of o?
7, 19
Suppose -2*a = -0*a + 2. Let w(x) = -6*x - 4. Let f(r) = -r + 1. Let j(o) = a*w(o) + 4*f(o). List the prime factors of j(7).
2, 11
Suppose 0 = -24*c + 26*c - 132. Suppose 0 = s - 6 - c. List the prime factors of s.
2, 3
Suppose -21*w = -27*w + 6786. What are the prime factors of w?
3, 13, 29
Let w(l) = 149*l - 6. Let o be w(2). Suppose 1093 = 4*x - 3*j, x = -0*x - 3*j + o. List the prime factors of x.
277
Let u(c) = -c + 13. Let y be u(10). Suppose -2*p + m + 74 = y*m, 3*p = -5*m + 103. List the prime factors of p.
41
Suppose 5*j = -3*z + 24, -z - 6 + 3 = -2*j. What are the prime factors of ((-4)/(-5))/(j/1710*4)?
2, 3, 19
Suppose -h + 3*p + 59 = 0, 0 = 3*h + h + 4*p - 252. Suppose 2*v = v - h. List the prime factors of v/(-8) + 9/(-12).
7
Let c = -124 + 214. Suppose -2*b + 2*z = -124, -5*z = b + 16 - c. What are the prime factors of b?
2
Let f = -1584 + 3539. What are the prime factors of f?
5, 17, 23
Let c(y) = -y**2 - 3*y + 4. Let f be c(-4). Suppose -2*p + 6 + 2 = 0. Suppose 4*h + 2*x - 92 = 0, 90 = p*h - f*h + x. List the prime factors of h.
2, 11
Suppose 3*w + 4760 = 5*l, 2*l - l - 2*w = 945. List the prime factors of l.
5, 191
Suppose 7100 = -107*d + 112*d. What are the prime factors of d?
2, 5, 71
Let m(j) = -8*j + 2 - 3 + 5 - 3. List the prime factors of m(-6).
7
Suppose -4*v + 48 - 16 = 0. Let x be ((-246)/v)/((-12)/32). Suppose 4*k - 5*b = 89 + 14, x = 3*k + b. List the prime factors of k.
3
Let g = -22 - -28. What are the prime factors of 2 - g*(-5)/10?
5
Let p(r) = r**2 - r + 1. Let v be p(2). Let o(l) = 4*l - 2. Let z be o(v). Suppose -z + 68 = 4*s + b, 0 = -s - 5*b + 5. List the prime factors of s.
3, 5
What are the prime factors of -19 + 10 - (0 + -2877)?
2, 3, 239
Suppose f = -f - 3*u + 6, -3*f - 2*u = 1. Let n be (-3)/6*(0 + 0). What are the prime factors of 11/(f/(-3)) + n?
11
Let w be (-3 + (-93)/(-21))/((-2)/(-14)). Suppose w*o - 3*o - 308 = 0. List the prime factors of o.
2, 11
Suppose -17*d + 352 = 5*d. Suppose -d*p = -4*p - 1584. What are the prime factors of p?
2, 3, 11
Let p be (-8)/10 - (-216)/20. Suppose -5*m - p = o + 4*o, -4*o - 2 = 2*m. What are the prime factors of ((-12)/(-4))/o - -36?
3, 13
Let j = -11340 + 16993. List the prime factors of j.
5653
Suppose -5*g + v - 10 = -0*g, 5*v + 10 = -5*g. What are the prime factors of (-384)/(-12) + g + 2?
2
Let k = 264 + 204. What are the prime factors of k?
2, 3, 13
Let g(z) = 5*z - 37. Let r be g(8). Suppose 0 = -3*d + f + 475, -314 = r*d - 5*d - 2*f. What are the prime factors of d?
2, 79
Let c(i) = -i**2 + i + 4. Let f be c(3). Let m be 63/(-6) - 3/f. Let d(j) = -j**2 - 12*j - 6. List the prime factors of d(m).
3, 7
Suppose -z + 882 = -0*z. Suppose 0 = -32*f + 25*f + z. List the prime factors of f.
2, 3, 7
Let g = 512 - 352. Let z(b) = 3*b + 42. Let u be z(-13). Suppose 0 = j + u*j - g. List the prime factors of j.
2, 5
Suppose 2*u + 17 = -3*z + 191, -5*z - 20 = 0. What are the prime factors of u?
3, 31
What are the prime factors of 18997/55 + 6/10?
2, 173
Suppose 5*a = -0*i + i - 8, -2 = -a - i. Let r be 1/((-4)/32)*a. Suppose 5*f - 18 - 27 = 5*u, -4*u = r. What are the prime factors of f?
7
Let o(x) = -x**2 + 5*x + 5. Let i be o(6). What are the prime factors of (137 - 0) + i + (0 - 1)?
3, 5
Let y be -4 - -5 - 2/2. Suppose y = -5*g + 98 + 137. What are the prime factors of g?
47
Suppose -3*m + 116 = h, -192 = -5*m + 4*h - 5*h. Let g = m + -13. List the prime factors of g.
5
Let k = 106 - 106. Suppose k = 9*b - 1537 + 538. What are the prime factors of b?
3, 37
Suppose -20*z + 48 = -12. Let t = -13 + 18. Suppose 2*a + t*g - 45 = 0, 0*g = -z*a - 2*g + 62. What are the prime factors of a?
2, 5
Suppose v + 46 = -3*v + 3*n, 0 = 3*v + 4*n + 22. List the prime factors of (-6)/(120/(-5596)) + (-2)/v.
2, 5, 7
Let x = -39 + 25. List the prime factors of 58/4*x/(-7).
29
Let a(l) be the second derivative of -l**5/20 - l**4 + 23*l**3/6 + 5*l**2/2 - 15*l. List the prime factors of a(-14).
3, 5
Suppose 3*y - 31 = -2*g, -y = -2*y + 5*g - 1. What are the prime factors of (-6)/y - (-190)/6?
31
List the prime factors of (57/(-6))/((-2)/244).
19, 61
Suppose 373 = x - 5*f, x - 4*f = -4*x + 1781. What are the prime factors of x?
353
List the prime factors of (-35)/7 + -6 - -1617.
2, 11, 73
Let d = -2491 + 6207. List the prime factors of d.
2, 929
Suppose -15 = 3*m, -5*g - 44*m = -46*m - 6775. What are the prime factors of g?
3, 11, 41
Let r(t) = 4*t - 11. Let l be r(6). Let a = -9 + l. Let q = a - -36. List the prime factors of q.
2, 5
Let r = 261 + 328. What are the prime factors of r?
19, 31
Let d = 4 + 1. Let h(r) = -r**3 + 6*r**2 - 6*r + 7. Let u be h(d). Suppose 84 = u*p + 2*p. What are the prime factors of p?
3, 7
Let k(t) = -17*t - 35. Let j be k(-11). Suppose 12 = 3*c, c + j = 4*x - 128. What are the prime factors of x?
71
Suppose -9*z + 7*z + 1203 = 3*x, -5*x = -3*z - 1986. What are the prime factors of x?
3, 7, 19
Let g(s) = -1 + s + 11 + s. Let x be g(7). Suppose 0 = -4*h + 2*h + x. List the prime factors of h.
2, 3
Let g = 61 + -58. List the prime factors of 1036/16 + g/12.
5, 13
Let d(q) = q**3 - 4*q**2 + 7*q - 7. Let x be d(3). Suppose -x*l + 3*a - 2*a + 536 = 0, 4*a - 103 = -l. What are the prime factors of l?
107
Suppose 308*c - 305*c - 2541 = 0. List the prime factors of c.
7, 11
List the prime factors of ((-9)/5)/((-6)/2460).
2, 3, 41
Let y = -214 - -2201. List the prime factors of y.
1987
Suppose 0 = s + 5*c - 850, -4*s + 2*c = -2411 - 967. What are the prime factors of s?
5, 13
Let n(l) = l**3 - 47*l**2 - 144*l + 169. What are the prime factors of n(51)?
3229
Let c(z) = 4*z**2 + 7*z - 14. Let m be c(6). Suppose -5*y = 3*j - m, -j + 0*y + y = -68. List the prime factors of j.
2
Suppose 6*a + 36 = -12. Let y = -5 - a. List the prime factors of y.
3
Let p(r) = r**3 + 10*r**2 + 2*r - 3. Let n be p(-9). Let u be 4/6*-3 - n. What are the prime factors of ((-30)/10)/(6/u)?
31
Suppose -4*i = k - 4862, 29*k - 24*k = 5*i + 24310. List the prime factors of k.
2, 11, 13, 17
Let k(z) = -z**3 - 6*z**2 - 5*z - 15. Let o be k(-6). Suppose 2*c - o = 197. What are the prime factors of c?
2, 53
Suppose t + 7 - 9 = 0. Suppose 3*k - t*k - 4*w = 288, -2*w - 904 = -3*k. What are the prime factors of k?
2, 19
Let b = 3924 + -2321. List the prime factors of b.
7, 229
Let s = 133 + -131. Let n(i) = 17*i - 13. What are the prime factors of n(s)?
3, 7
Let w(o) = -o**3 - 9*o**2 - 8. Let g be w(-9). Let f be ((-75)/(-12))/(2/g). List the prime factors of (7/5 + -2)*f.
3, 5
Let k(t) = -2*t - 6. Let p be k(-3). What are the prime factors of (-5)/((-20)/8) + p + 15?
17
Suppose 13 = 5*p - 6*p. Let g(k) = -k - 9. Let l be g(p). Suppose l*i - 2*i - 40 = 0. What are the prime factors of i?
2, 5
Let z = 2 - 14. List the prime factors of 6/8 + (-1527)/z.
2
Suppose -122 = 4*l + 2*d, 3*l - 3*d - d + 64 = 0. Let o = l - -32. List the prime factors of o.
2
Let g(y) = 11*y + 50. Let n(a) = -11*a + 11. Let i be n(0). What are the prime factors of g(i)?
3, 19
Let p = -884 + 1700. What are the prime factors of p?
2, 3, 17
Suppose 0 = 5*s + 15, 0 = -4*p + p + 2*s + 18. Suppose 5*a = 2*f - 35, p*f + 2*a + 74 = 204. What are the prime factors of f?
2, 3, 5
Suppose 4*x + 679 = g - 594, -2*x = 10. What are the prime factors of g?
7, 179
Let y = 19 + -4. Suppose -5*n + 0*n = -y. Suppose 2*k + 4 = -c + 6*k, -n*c + 58 = 2*k. List the prime factors of c.
2
Let h(i) = -i**2 - 7 - 1 + 11*i - 5. List the prime factors of h(9).
5
Suppose -5*z - 59 = 3*l - l, -3*l - 50 = 4*z. Let o = -9 - z. Suppose 0 = f - 41 - o. List the prime factors of f.
43
Let s = -79